{"id":128,"date":"2019-10-22T14:15:58","date_gmt":"2019-10-22T14:15:58","guid":{"rendered":"http:\/\/vfb-kreuzberg.de\/?page_id=128"},"modified":"2019-10-22T16:19:04","modified_gmt":"2019-10-22T16:19:04","slug":"leitlinie","status":"publish","type":"page","link":"http:\/\/vfb-kreuzberg.de\/?page_id=128","title":{"rendered":"Leitlinie"},"content":{"rendered":"\n<p>Der Vorstand und die \u00dcbungsleiter des VfB Kreuzberg 1947 e.V. verpflichten sich den Ehrenkodex des Landessportbunds NRW im Umgang mit Kindern, Jugendlichen, jungen Erwachsenen und selbstverst\u00e4ndlich auch im t\u00e4glichen Umgang mit Erwachsenen einzuhalten.<\/p>\n\n\n\n<p>Der Landessportbund bietet interessierten Eltern bzw. sonstigen mit der Erziehung der Kinder betrauten Personen auf seiner Internetseite unter <a href=\"http:\/\/www.lsb-nrw.de\">www.lsb-nrw.<\/a>de eine F\u00fclle von Informationen zum Umgang mit dem Thema sexuelle Gewalt. Beispielhaft daf\u00fcr sei der LSB Elternkompass genannt, welcher -neben anderen Unterlagen- unter folgendem Link abgerufen werden kann:<\/p>\n\n\n\n<p><a href=\"https:\/\/www.lsb.nrw\/unsere-themen\/gegen-sexualisierte-gewalt-im-sport\/\">https:\/\/www.lsb.nrw\/unsere-themen\/gegen-sexualisierte-gewalt-im-sport\/<\/a><\/p>\n\n\n\n<p>Der vollst\u00e4ndige Text des Ehrenkodex:<\/p>\n\n\n\n<p>EHRENKODEX  des Landessportbundes NRW f\u00fcr alle Mitarbeiterinnen und Mitarbeiter im Sport, die mit Kindern, Jugendlichen und\/oder jungen Erwachsenen arbeiten oder sie betreuen.<\/p>\n\n\n\n<p>Hiermit verpflichte ich mich,\uf020\uf0fc<br>-dem pers\u00f6nlichen Empfinden der mir  anvertrauten Kinder, Jugendlichen und jungen Erwachsenen Vorrang vor meinen pers\u00f6nlichen W\u00fcnschen und Zielen zu geben. \uf020\uf0fc<br>-jedes   Kind, jeden Jugendlichen und jeden jungen Erwachsenen zu  achten und seine Entwicklung zu f\u00f6rdern.<br>-Kinder,  Jugendliche  und  junge  Erwachsene  bei  ihrer  Selbstverwirklichung  zu  angemessenem  sozialen Verhalten anderen Menschen gegen\u00fcber anzuleiten. \uf020\uf0fc<br>-sportliche und sonstige Freizeitangebote f\u00fcr die Sportorganisationen nach dem Entwicklungsstand der  mir anvertrauten  Kinder, Jugendlichen und jungen Erwachsenen auszurichten und kind- und jugendgerechte Methoden einzusetzen.<br>-den mir anvertrauten Kindern, Jugendlichen und jungen Erwachsenen entsprechende Rahmenbedingungen f\u00fcr sportliche und au\u00dfersportliche Angebote durch die Sportorganisationen zu schaffen.     \uf020\uf0fc         <br>-das  Recht  des  mir  anvertrauten  Kindes;  Jugendlichen  und  jungen  Erwachsenen  auf  k\u00f6rperliche Unversehrtheit und Intimsph\u00e4re zu achten und keine Form der Gewalt sei sie physischer, psychischer oder sexueller Art auszu\u00fcben. <br>-den mir anvertrauten Kindern, Jugendlichen und jungen Erwachsenen f\u00fcr alle sportlichen und au\u00dfersportlichen Angebote durch die Sportorganisationen ausreichende Selbst- und Mitbestimmungsm\u00f6glichkeiten zu bieten.<br>-Vorbild  f\u00fcr  die  mir  anvertrauten  Kinder,  Jugendlichen  und  jungen  Erwachsenen  zu  sein,  die  Einhaltung  von  sportlichen  und  zwischenmenschlichen  Regeln  zu  vermitteln  und  nach  den  Regeln des Fair-Play zu handeln.<br>-eine positive und aktive Vorbildfunktion im Kampf gegen Doping und Medikamentenmissbrauch sowie gegen jegliche Art von Leistungsmanipulation zu \u00fcbernehmen. <br>-beim  Umgang  mit  personenbezogenen  Daten  der  mir  anvertrauten  Kinder,  Jugendlichen  und  jungen Erwachsenen die Datenschutzbestimmungen einzuhalten. <br>-einzugreifen, wenn in meinem Umfeld gegen diesen Ehrenkodex versto\u00dfen wird und  Professionelle  Unterst\u00fctzung  hinzuzuziehen  (kommunale  Beratungsstellen,  Landessportbund  NRW) sowie die Verantwortlichen z.B. Vorgesetzte\/Vorstand auf der Leitungsebene zu informieren.             \uf020\uf0fc\uf020   <br>-diesen Ehrenkodex auch im Umgang mit erwachsenen Sportlerinnen und Sportlern einzuhalten. <br>Quelle: LSB NRW<\/p>\n","protected":false},"excerpt":{"rendered":"<p>Der Vorstand und die \u00dcbungsleiter des VfB Kreuzberg 1947 e.V. verpflichten sich den Ehrenkodex des Landessportbunds NRW im Umgang mit Kindern, Jugendlichen, jungen Erwachsenen und selbstverst\u00e4ndlich auch im t\u00e4glichen Umgang mit Erwachsenen einzuhalten. Der Landessportbund bietet interessierten Eltern bzw. sonstigen mit der Erziehung der Kinder betrauten Personen auf seiner Internetseite unter www.lsb-nrw.de eine F\u00fclle von [&hellip;]<\/p>\n","protected":false},"author":1,"featured_media":0,"parent":0,"menu_order":0,"comment_status":"closed","ping_status":"closed","template":"","meta":{"footnotes":""},"class_list":["post-128","page","type-page","status-publish","hentry","no-featured-image"],"_links":{"self":[{"href":"http:\/\/vfb-kreuzberg.de\/index.php?rest_route=\/wp\/v2\/pages\/128","targetHints":{"allow":["GET"]}}],"collection":[{"href":"http:\/\/vfb-kreuzberg.de\/index.php?rest_route=\/wp\/v2\/pages"}],"about":[{"href":"http:\/\/vfb-kreuzberg.de\/index.php?rest_route=\/wp\/v2\/types\/page"}],"author":[{"embeddable":true,"href":"http:\/\/vfb-kreuzberg.de\/index.php?rest_route=\/wp\/v2\/users\/1"}],"replies":[{"embeddable":true,"href":"http:\/\/vfb-kreuzberg.de\/index.php?rest_route=%2Fwp%2Fv2%2Fcomments&post=128"}],"version-history":[{"count":4,"href":"http:\/\/vfb-kreuzberg.de\/index.php?rest_route=\/wp\/v2\/pages\/128\/revisions"}],"predecessor-version":[{"id":212,"href":"http:\/\/vfb-kreuzberg.de\/index.php?rest_route=\/wp\/v2\/pages\/128\/revisions\/212"}],"wp:attachment":[{"href":"http:\/\/vfb-kreuzberg.de\/index.php?rest_route=%2Fwp%2Fv2%2Fmedia&parent=128"}],"curies":[{"name":"wp","href":"https:\/\/api.w.org\/{rel}","templated":true}]}}