{"id":166,"date":"2019-10-22T15:18:11","date_gmt":"2019-10-22T15:18:11","guid":{"rendered":"http:\/\/vfb-kreuzberg.de\/?page_id=166"},"modified":"2019-10-22T18:53:24","modified_gmt":"2019-10-22T18:53:24","slug":"satzung","status":"publish","type":"page","link":"http:\/\/vfb-kreuzberg.de\/?page_id=166","title":{"rendered":"Satzung"},"content":{"rendered":"\n<p>Damit das Vereinsleben in einem ordentlichen Rahmen abl\u00e4uft, braucht es ein Regelwerk. <\/p>\n\n\n\n<p>Daf\u00fcr gibt es die folgende Satzung: <\/p>\n\n\n\n<p>S A T Z U N G<\/p>\n\n\n\n<p>des Vereins f\u00fcr\nBewegungsspiele Kreuzberg 1947 e. V.<\/p>\n\n\n\n<p>Wipperf\u00fcrth,\nOberbergsicher Kreis<\/p>\n\n\n\n<p>I. Allgemeine Bestimmungen<\/p>\n\n\n\n<p>\u00a7 1<\/p>\n\n\n\n<p>Name des Vereins<\/p>\n\n\n\n<ul class=\"wp-block-list\"><li>Der Verein f\u00fchrt den Namen \u201eVerein f\u00fcr Bewegungsspiele Kreuzberg 1947 e. V.\u201c      (VFB Kreuzberg 47 e. V.) mit Sitz in 51688 Wipperf\u00fcrth-Kreuzberg.<\/li><\/ul>\n\n\n\n<p>Er ist im Vereinsregister beim\nAmtsgericht Wipperf\u00fcrth unter der Nummer VR 111 eingetragen und f\u00fchrt stets den\nZusatz \u201ee. V.\u201c.<\/p>\n\n\n\n<ol class=\"wp-block-list\"><li>Die  Farben des Vereins sind gr\u00fcn-wei\u00df.<\/li><\/ol>\n\n\n\n<p>\u00a7 2<\/p>\n\n\n\n<p>Zweck des Vereins<\/p>\n\n\n\n<ul class=\"wp-block-list\"><li>Der Verein pflegt s\u00e4mtliche Sportarten und f\u00f6rdert die Jugendarbeit.<\/li><\/ul>\n\n\n\n<ul class=\"wp-block-list\"><li>Der Verein ist entsprechend den Beschl\u00fcssen seines Vorstandes Mitglied der      zust\u00e4ndigen Fachverb\u00e4nde, Landessportbund, Kreissportbund,      Stadtsportverband usw.<\/li><\/ul>\n\n\n\n<ul class=\"wp-block-list\"><li>Der Verein ist selbstlos t\u00e4tig. Er verfolgt ausschlie\u00dflich und unmittelbar  gemeinn\u00fctzige Zwecke im Sinne des Abschnittes \u201eSteuerbeg\u00fcnstigte Zwecke\u201c      der Abgabenordnung. <\/li><\/ul>\n\n\n\n<p>Der Verein darf keine Person\ndurch Ausgaben, die dem Zweck des Vereins fremd sind oder durch\nunverh\u00e4ltnism\u00e4\u00dfig hohe Verg\u00fctungen beg\u00fcnstigen.<\/p>\n\n\n\n<ul class=\"wp-block-list\"><li>Der Verein ist politisch, konfessionell und in Bezug auf die Staatsangeh\u00f6rigkeit bzw. Herkunft neutral.<\/li><\/ul>\n\n\n\n<p>\u00a7 3<\/p>\n\n\n\n<p>Gesch\u00e4ftsjahr<\/p>\n\n\n\n<ul class=\"wp-block-list\"><li>Das Gesch\u00e4ftsjahr ist das Kalenderjahr.<\/li><\/ul>\n\n\n\n<p>II. Mitgliedschaft<\/p>\n\n\n\n<p>\u00a7 4<\/p>\n\n\n\n<p>Erwerb der\nMitgliedschaft<\/p>\n\n\n\n<ul class=\"wp-block-list\"><li>Mitglied des Vereins kann jede nat\u00fcrliche Person werden. <\/li><\/ul>\n\n\n\n<ul class=\"wp-block-list\"><li>Der Aufnahmeantrag muss schriftlich an den Vorstand des Vereins gerichtet      werden.<\/li><\/ul>\n\n\n\n<ul class=\"wp-block-list\"><li>\u00dcber die Aufnahme eines Mitgliedes entscheidet der gesch\u00e4ftsf\u00fchrende Vorstand durch Mehrheitsbeschluss.<\/li><\/ul>\n\n\n\n<ul class=\"wp-block-list\"><li>Bei Ablehnung der Aufnahme ist Berufung an die n\u00e4chste Mitgliederversammlung m\u00f6glich. Diese entscheidet endg\u00fcltig.<\/li><\/ul>\n\n\n\n<ul class=\"wp-block-list\"><li>Vor\nder Aufnahme muss sich das Mitglied entscheiden, welcher Abteilung des Vereins\nes angeh\u00f6ren m\u00f6chte. Die sportliche Bet\u00e4tigung ist in mehreren Abteilungen\nm\u00f6glich.<\/li><\/ul>\n\n\n\n<ul class=\"wp-block-list\"><li>Die\nZahlungspflichten regelt ein Vorstandsbeschluss. <\/li><\/ul>\n\n\n\n<p>\u00a7 5<\/p>\n\n\n\n<p>Arten der\nMitgliedschaft<\/p>\n\n\n\n<ul class=\"wp-block-list\"><li>Der Verein unterscheidet Mitglieder und Ehrenmitglieder.<\/li><\/ul>\n\n\n\n<ul class=\"wp-block-list\"><li>Mitglieder, die sich besondere Verdienste um den Verein erworben haben, k\u00f6nnen durch den Beschluss der Mitgliederversammlung nach der Vorschrift der      Ehrenordnung zu Ehrenmitgliedern ernannt werden.<\/li><\/ul>\n\n\n\n<p>Ehrenmitglieder sind von der\nBeitragspflicht befreit. <\/p>\n\n\n\n<p>\u00a7 6<\/p>\n\n\n\n<p>Beitragsregelung<\/p>\n\n\n\n<ul class=\"wp-block-list\"><li>Der  Verein erhebt Mitgliedsbeitr\u00e4ge. Er kann Aufnahmegeb\u00fchren und Umlagen zus\u00e4tzlich festsetzen.<\/li><\/ul>\n\n\n\n<ul class=\"wp-block-list\"><li>Mitgliedsbeitr\u00e4ge,  Aufnahmegeb\u00fchren und Umlagen werden von der Mitgliederversammlung  festgelegt.<\/li><\/ul>\n\n\n\n<ul class=\"wp-block-list\"><li>Der  gesch\u00e4ftsf\u00fchrende Vorstand kann auf schriftlichen Antrag eines Mitglieds Ausnahmen festlegen.\u00a0\u00a0 \u00a0\u00a0\u00a0\u00a0\u00a0\u00a0\u00a0\u00a0\u00a0\u00a0\u00a0\u00a0\u00a0\u00a0\u00a0\u00a0\u00a0\u00a0\u00a0\u00a0\u00a0\u00a0\u00a0  <\/li><\/ul>\n\n\n\n<ul class=\"wp-block-list\"><li>Der\nMitgliedsbeitrag ist halbj\u00e4hrlich, in Ausnahmef\u00e4llen viertelj\u00e4hrlich im Voraus\nzu entrichten, und zwar bargeldlos durch Einzugserm\u00e4chtigung. Wird der\nMitgliedsbeitrag durch fehlende Kontodeckung etc. nicht gezahlt, hat das\nMitglied die Kosten des Mahnverfahrens zu tragen.<\/li><\/ul>\n\n\n\n<ul class=\"wp-block-list\"><li>Der\ns\u00e4umige Beitrag kann durch den Vorstand gerichtlich eingeklagt werden. <\/li><\/ul>\n\n\n\n<p>\u00a7 7<\/p>\n\n\n\n<p>Ende der\nMitgliedschaft<\/p>\n\n\n\n<ul class=\"wp-block-list\"><li>Die Mitgliedschaft endet durch <\/li><\/ul>\n\n\n\n<p>a) Austritt<\/p>\n\n\n\n<p>b) Ausschluss<\/p>\n\n\n\n<p>c) Tod. <\/p>\n\n\n\n<ul class=\"wp-block-list\"><li>Der Austritt eines Mitgliedes erfolgt durch Schreiben an den gesch\u00e4ftsf\u00fchrenden Vorstand jeweils zum Halbjahresende (30.06., 31.12.).<\/li><\/ul>\n\n\n\n<ol class=\"wp-block-list\"><li>Der Ausschluss eines Mitgliedes erfolgt nach Anh\u00f6rung des Betroffenen durch Beschluss des Vorstandes und ist dem Mitglied unter Angabe von Gr\u00fcnden schriftlich mitzuteilen.<\/li><\/ol>\n\n\n\n<p>Der Ausschluss kann erfolgen, <\/p>\n\n\n\n<p>a) wenn das Vereinsmitglied trotz erfolgter schriftlicher Mahnung einen Halbjahresbeitrag (bzw. zwei Quartalsbeitr\u00e4ge), die Aufnahmegeb\u00fchr oder eine Umlage nicht\u00a0entrichtet. <\/p>\n\n\n\n<p>b) wegen groben oder wiederholten Versto\u00dfes gegen die Satzung oder gegen die Interessen des Vereins.<\/p>\n\n\n\n<ul class=\"wp-block-list\"><li>Der  Vorstand ist nach Anh\u00f6rung des Betroffenen berechtigt, folgende Ma\u00dfnahmen zu ergreifen:<\/li><\/ul>\n\n\n\n<p>a) Verweis,<\/p>\n\n\n\n<p>b) zeitlich begrenztes Verbot der\nTeilnahme am Sportbetrieb und\/oder an Veranstaltungen des Vereins. <\/p>\n\n\n\n<ul class=\"wp-block-list\"><li>Gegen den Ausschluss oder eine Ma\u00dfnahme nach Abs. 4 steht dem Mitglied innerhalb von zwei Wochen nach Bekanntgabe die Berufung an den \u00c4ltestenrat zu.      Dieser entscheidet endg\u00fcltig. <\/li><\/ul>\n\n\n\n<p>\u00a7 8<\/p>\n\n\n\n<p>Organe des Vereins<\/p>\n\n\n\n<p>Die Organe des Vereins sind:<\/p>\n\n\n\n<ol class=\"wp-block-list\"><li>die Mitgliederversammlung<\/li><li>die Jugendversammlung<\/li><li>der gesch\u00e4ftsf\u00fchrende Vorstand<\/li><li>der \u00c4ltestenrat.<\/li><\/ol>\n\n\n\n<p>\u00a7 9<\/p>\n\n\n\n<p>Mitgliederversammlung<\/p>\n\n\n\n<ul class=\"wp-block-list\"><li>Die Mitgliederversammlung ist von dem Vorsitzenden, ggfs. von dem Gesch\u00e4ftsf\u00fchrer oder eines anderen Mitglieds des gesch\u00e4ftsf\u00fchrenden Vorstands mindestens einmal im Jahr abzuhalten. Die Einladung erfolgt unter Angabe der  Tagesordnung <s>schriftlich<\/s> mindestens zwei Wochen vor der Versammlung      durch Ver\u00f6ffentlichung. Die Einladung wird im Schaukasten des Vereinsheims, Westfalenstra\u00dfe 3a und in der Mehrzweckhalle der   Gemeinschaftsgrundschule Kreuzberg, Westfalenstra\u00dfe 32, beide in 51688 Wipperf\u00fcrth-Kreuzberg ausgeh\u00e4ngt sowie in der Bergischen Landeszeitung ver\u00f6ffentlicht.<\/li><li>Antr\u00e4ge zur Tagesordnung m\u00fcssen mindestens eine Woche vorher beim gesch\u00e4ftsf\u00fchrenden Vorstand schriftlich eingereicht werden.<\/li><li>Die  ordentliche Mitgliederversammlung (Jahreshauptversammlung) findet im  ersten Quartal eines Jahres statt. <\/li><li>Der   gesch\u00e4ftsf\u00fchrende Vorstand kann durch Mehrheitsbeschluss eine  au\u00dferordentliche Mitgliederversammlung einberufen. <\/li><li>Der  Vorstand muss eine au\u00dferordentliche Mitgliederversammlung einberufen, wenn      mindestens 10 % der stimmberechtigten Mitglieder dies verlangen. <\/li><li>F\u00fcr die au\u00dferordentliche Mitgliederversammlung gilt eine verk\u00fcrzte  Einladungsfrist von einer Woche. Antr\u00e4ge zur Tagesordnung m\u00fcssen  mindestens zwei Werktage vorher dem gesch\u00e4ftsf\u00fchrenden Vorstand vorliegen.<\/li><li>Auch f\u00fcr eine au\u00dferordentliche Mitgliederversammlung gelten ansonsten die      Bestimmungen der ordentlichen Mitgliederversammlung.<\/li><li>Nur  mit Zustimmung der Mitgliederversammlung bzw. einer au\u00dferordentlichen Mitgliederversammlung kann die Aufnahme von Darlehen durch den      gesch\u00e4ftsf\u00fchrenden Vorstand vorgenommen werden. <\/li><\/ul>\n\n\n\n<p>\u00a7 10<\/p>\n\n\n\n<p>Gegenstand der\nMitgliederversammlung<\/p>\n\n\n\n<p>Die Mitgliederversammlung ist insbesondere f\u00fcr die folgenden\nAngelegenheiten zust\u00e4ndig:<\/p>\n\n\n\n<ul class=\"wp-block-list\"><li>Entgegennahme der Jahresberichte des gesch\u00e4ftsf\u00fchrenden Vorstandes.<\/li><li>Feststellung der Abrechnung des vorhergehenden Jahres.<\/li><li>Entgegennahme des Berichtes der Kassenpr\u00fcfer.<\/li><li>Entlastung des gesch\u00e4ftsf\u00fchrenden Vorstandes.<\/li><li>Beschlussfassung \u00fcber Satzungs\u00e4nderungen und Aufl\u00f6sung des Vereins.<\/li><li>Wahl von Vorstand und  Kassenpr\u00fcfer.<\/li><li>Best\u00e4tigung des  Jugendvorstandes.<\/li><li>Die Bildung und Aufl\u00f6sung von Abteilungen, sowie deren Beitragsordnungen.<\/li><\/ul>\n\n\n\n<p>\u00a7 11<\/p>\n\n\n\n<p>Beschlussfassung\nder Mitgliederversammlung<\/p>\n\n\n\n<ul class=\"wp-block-list\"><li>Jedem vollj\u00e4hrigem Mitglied steht eine Stimme zu. Das Stimmrecht ist nicht \u00fcbertragbar.<\/li><li>Die Mitgliederversammlung ist ohne R\u00fccksicht auf die Anzahl der erschienenen Mitglieder beschlussf\u00e4hig. <\/li><li>Die Mitgliederversammlung fasst ihre Beschl\u00fcsse mit einfacher Mehrheit der abgegebenen Stimmen, es sei denn, Gesetz oder Satzung schreiben eine andere Stimmenmehrheit vor. Stimmenthaltungen und ung\u00fcltige Stimmen gelten als nicht abgegeben und werden nicht gez\u00e4hlt. Bei Stimmengleichheit ist der Antrag abgelehnt. <\/li><li>Die Beschlussfassung erfolgt \u00f6ffentlich, soweit nicht eine Mehrheit der Mitglieder etwas anderes beschlie\u00dft.<\/li><li>Zu einem Beschluss auf \u00c4nderung der Satzung ist eine Mehrheit von zwei Drittel der anwesenden Mitglieder erforderlich.<\/li><li>\u00dcber die Mitgliederversammlung ist eine Niederschrift zu fertigen, die vom Vorsitzenden (Stellvertreter) und dem Gesch\u00e4ftsf\u00fchrer (Vertreter) zu unterzeichnen ist. Der Inhalt des Protokolls der Mitgliederversammlung ist binnen zwei Wochen am Vereinsheim auszuh\u00e4ngen.<\/li><li>Einwendungen gegen den Inhalt des Protokolls haben Mitglieder innerhalb einer Frist von weiteren zwei Wochen gegen\u00fcber dem gesch\u00e4ftsf\u00fchrenden Vorstand vorzubringen. Wird dem Bedenken eines Mitgliedes nicht stattgegeben, entscheidet endg\u00fcltig der \u00c4ltestenrat.<\/li><\/ul>\n\n\n\n<p>\u00a7 12<\/p>\n\n\n\n<p>Zusammensetzung\nund Stellung des Vorstandes<\/p>\n\n\n\n<ul class=\"wp-block-list\"><li>Der Vorstand besteht aus dem gesch\u00e4ftsf\u00fchrenden und dem erweiterten Vorstand.<\/li><\/ul>\n\n\n\n<ul class=\"wp-block-list\"><li>Der gesch\u00e4ftsf\u00fchrende Vorstand besteht aus:<\/li><li>dem bzw. der Vorsitzenden <\/li><li>dem bzw. der Gesch\u00e4ftsf\u00fchrer\/in<\/li><li>dem bzw. der Schatzmeister\/in<\/li><li>dem bzw. der Jugendwart\/in<\/li><\/ul>\n\n\n\n<p>Es k\u00f6nnen Stellvertreter gew\u00e4hlt\nwerden, die dann auch stimmberechtigt sind.<\/p>\n\n\n\n<ul class=\"wp-block-list\"><li>Der  erweiterte Vorstand besteht aus dem gesch\u00e4ftsf\u00fchrenden Vorstand und:<\/li><\/ul>\n\n\n\n<p>a)&nbsp; dem bzw. der Buchf\u00fchrungsverantwortlichen<\/p>\n\n\n\n<p>b)&nbsp; dem bzw. der Organisationsverantwortlichen<\/p>\n\n\n\n<p>c)&nbsp; dem Vorsitzenden des \u00c4ltestenrates<\/p>\n\n\n\n<p>d)&nbsp; den Abteilungsleitern (Beisitzern)<\/p>\n\n\n\n<p>e)&nbsp; einem bzw. einer Vertreter\/in aus der Jugend<\/p>\n\n\n\n<ul class=\"wp-block-list\"><li>Die  Wahl des Vorstandes erfolgt f\u00fcr die Dauer von zwei Jahren.<\/li><\/ul>\n\n\n\n<p>\u00a7 13<\/p>\n\n\n\n<p>Vertretung des\nVereins<\/p>\n\n\n\n<p>Die unter \u00a7 12 Abs. 2 genannten Mitglieder sind Vorstand im\nSinne des \u00a7 26 BGB mit der Ma\u00dfgabe, dass je zwei von ihnen gemeinsam zur\nVertretung des Vereins berechtigt sind.<\/p>\n\n\n\n<p>\u00a7 14<\/p>\n\n\n\n<p>\u00c4ltestenrat<\/p>\n\n\n\n<p>1 &nbsp;&nbsp; Der \u00c4ltestenrat setzt sich aus den f\u00fcnf\n\u00e4ltesten zur Verf\u00fcgung stehenden Vereinsmitgliedern (bis 75 Jahren) zusammen.\nDer \u00c4ltestenrat w\u00e4hlt sich seinen Vorsitzenden selbst.<\/p>\n\n\n\n<ul class=\"wp-block-list\"><li>Kein Mitglied des \u00c4ltestenrats darf dem gesch\u00e4ftsf\u00fchrenden Vorstand angeh\u00f6ren.<\/li><li>Die  Aufgaben des \u00c4ltestenrates ergeben sich aus der Satzung. Der \u00c4ltestenrat   ist au\u00dferdem zust\u00e4ndig f\u00fcr Schlichtung von Streitigkeiten zwischen den Mitgliedern und hat ein Anh\u00f6rungsrecht bei Ehrungen des Vereins.<\/li><\/ul>\n\n\n\n<p>\u00a7 15<\/p>\n\n\n\n<p>Kassenpr\u00fcfer<\/p>\n\n\n\n<ul class=\"wp-block-list\"><li>Die  Mitgliederversammlung w\u00e4hlt zwei Kassenpr\u00fcfer und einen Stellvertreter f\u00fcr  die Dauer von zwei Jahren. Die Kassenpr\u00fcfer und Stellvertreter d\u00fcrfen      nicht Mitglieder des Vorstandes und des \u00c4ltestenrates sein. <\/li><li>Die Kassenpr\u00fcfer stellen fest, ob die Kasse ordnungsgem\u00e4\u00df gef\u00fchrt ist und der Vorstand die finanziellen Mittel im Sinne der Mitgliederversammlung, der Satzung und der Gesetze verwaltet hat. Die Kassenpr\u00fcfer haben der      Mitgliederversammlung einen Pr\u00fcfungsbericht f\u00fcr das abgelaufene Gesch\u00e4ftsjahr vorzulegen.<\/li><\/ul>\n\n\n\n<p>\u00a7 16<\/p>\n\n\n\n<p>Bezahlte Kr\u00e4fte<\/p>\n\n\n\n<ol class=\"wp-block-list\"><li>Der\nVerein kann zur Erledigung von Verwaltungsaufgaben und zur Erf\u00fcllung seiner Zwecke\nbezahlte Kr\u00e4fte einstellen.<br>\n<br>\n<\/li><li>Bei\nBedarf k\u00f6nnen Vereins\u00e4mter im Rahmen der haushaltsrechtlichen M\u00f6glichkeiten\nentgeltlich auf der Grundlage eines Dienstvertrages oder gegen Zahlung einer\nAufwandsentsch\u00e4digung nach \u00a7 3 Nr. 26a EStG ausge\u00fcbt werden. Die Entscheidung\n\u00fcber eine entgeltliche Vereinst\u00e4tigkeit trifft die Mitgliederversammlung.\nGleiches gilt f\u00fcr die Vertragsinhalte und die Vertragsbeendigung.<\/li><\/ol>\n\n\n\n<p>\u00a7 17<\/p>\n\n\n\n<p>Aufl\u00f6sung des\nVereins<\/p>\n\n\n\n<ul class=\"wp-block-list\"><li>Bei Aufl\u00f6sung oder Aufhebung des Vereins oder bei Wegfall eines bisherigen Zweckes f\u00e4llt das Verm\u00f6gen an die Stadt Wipperf\u00fcrth mit der Zweckbestimmung, dass dieses Verm\u00f6gen nur unmittelbar und ausschlie\u00dflich zur F\u00f6rderung von gemeinn\u00fctzigen sportlichen Zwecken (oder Jugendarbeit) im Raume Kreuzberg verwendet werden darf.<\/li><li>Als Liquidatoren des Vereins wird der gesch\u00e4ftsf\u00fchrende Vorstand bestellt.<\/li><li>Die Aufl\u00f6sung oder Aufhebung des Vereins kann nur von einer eigens f\u00fcr diesen Zweck einberufenen Mitgliederversammlung beschlossen werden.<\/li><li>Zu einem wirksamen Aufhebungsbeschluss ist eine Mehrheit von zwei Drittel der  nwesenden stimmberechtigten Mitglieder erforderlich.<\/li><\/ul>\n\n\n\n<p>\u00a7 18<\/p>\n\n\n\n<p>Sonstige Ordnungen<\/p>\n\n\n\n<p>Die Jugendordnung und die einzelnen Abteilungsordnungen sind\nBestandteil dieser Satzung. Sie k\u00f6nnen wie die Satzung nur durch eine\nMitgliederversammlung ge\u00e4ndert werden. <\/p>\n\n\n\n<p>\u00a7 19<\/p>\n\n\n\n<p>Inkrafttreten<\/p>\n\n\n\n<p>Diese Satzung wurde von der Mitgliederversammlung am 02.05.2012\nbeschlossen. Sie tritt mit der Eintragung im Vereinsregister beim Amtsgericht\nWipperf\u00fcrth in Kraft. <\/p>\n\n\n\n<p>Wipperf\u00fcrth-Kreuzberg, den 02.05.2012<\/p>\n\n\n\n<p>&nbsp;&nbsp;&nbsp;&nbsp;&nbsp;&nbsp;&nbsp;&nbsp;&nbsp;&nbsp;&nbsp;&nbsp;&nbsp;&nbsp;&nbsp;&nbsp;&nbsp;&nbsp;&nbsp;&nbsp;&nbsp;&nbsp;&nbsp;&nbsp;&nbsp;&nbsp;&nbsp;&nbsp;&nbsp;&nbsp;&nbsp;&nbsp;&nbsp;&nbsp;&nbsp;&nbsp;&nbsp;&nbsp;&nbsp;&nbsp;&nbsp;&nbsp;&nbsp;&nbsp;&nbsp;&nbsp; D\nE R&nbsp;&nbsp; V O R S T A N D<\/p>\n","protected":false},"excerpt":{"rendered":"<p>Damit das Vereinsleben in einem ordentlichen Rahmen abl\u00e4uft, braucht es ein Regelwerk. Daf\u00fcr gibt es die folgende Satzung: S A T Z U N G des Vereins f\u00fcr Bewegungsspiele Kreuzberg 1947 e. V. Wipperf\u00fcrth, Oberbergsicher Kreis I. Allgemeine Bestimmungen \u00a7 1 Name des Vereins Der Verein f\u00fchrt den Namen \u201eVerein f\u00fcr Bewegungsspiele Kreuzberg 1947 e. [&hellip;]<\/p>\n","protected":false},"author":1,"featured_media":0,"parent":157,"menu_order":0,"comment_status":"closed","ping_status":"closed","template":"","meta":{"footnotes":""},"class_list":["post-166","page","type-page","status-publish","hentry","no-featured-image"],"_links":{"self":[{"href":"http:\/\/vfb-kreuzberg.de\/index.php?rest_route=\/wp\/v2\/pages\/166","targetHints":{"allow":["GET"]}}],"collection":[{"href":"http:\/\/vfb-kreuzberg.de\/index.php?rest_route=\/wp\/v2\/pages"}],"about":[{"href":"http:\/\/vfb-kreuzberg.de\/index.php?rest_route=\/wp\/v2\/types\/page"}],"author":[{"embeddable":true,"href":"http:\/\/vfb-kreuzberg.de\/index.php?rest_route=\/wp\/v2\/users\/1"}],"replies":[{"embeddable":true,"href":"http:\/\/vfb-kreuzberg.de\/index.php?rest_route=%2Fwp%2Fv2%2Fcomments&post=166"}],"version-history":[{"count":3,"href":"http:\/\/vfb-kreuzberg.de\/index.php?rest_route=\/wp\/v2\/pages\/166\/revisions"}],"predecessor-version":[{"id":221,"href":"http:\/\/vfb-kreuzberg.de\/index.php?rest_route=\/wp\/v2\/pages\/166\/revisions\/221"}],"up":[{"embeddable":true,"href":"http:\/\/vfb-kreuzberg.de\/index.php?rest_route=\/wp\/v2\/pages\/157"}],"wp:attachment":[{"href":"http:\/\/vfb-kreuzberg.de\/index.php?rest_route=%2Fwp%2Fv2%2Fmedia&parent=166"}],"curies":[{"name":"wp","href":"https:\/\/api.w.org\/{rel}","templated":true}]}}